7.
1205
What is -390 (base 15) in base 11?
-677
Convert 7b5 (base 16) to base 6.
13045
What is 121012 (base 3) in base 6?
2005
Convert -5584 (base 14) to base 12.
-86a8
Convert 464 (base 9) to base 4.
11332
Convert -3265 (base 16) to base 5.
-403101
What is 1001110000011001 (base 2) in base 16?
9c19
Convert 274 (base 8) to base 3.
20222
Convert b4 (base 14) to base 5.
1113
What is -49 (base 14) in base 9?
-72
What is 2500 (base 12) in base 8?
10120
Convert -31055 (base 6) to base 3.
-12200022
-1545 (base 8) to base 14
-461
Convert 70dc (base 15) to base 8.
56430
What is 10110100000 (base 2) in base 16?
5a0
Convert 1001011111101010 (base 2) to base 14.
1025c
-101000110110110 (base 2) to base 3
-1001200202
Convert -2455 (base 8) to base 11.
-aa5
Convert -124 (base 14) to base 8.
-344
Convert -33ca (base 13) to base 6.
-53344
-216 (base 14) to base 7
-1126
What is -1196 (base 10) in base 15?
-54b
-699 (base 13) to base 9
-1506
What is -429 (base 11) in base 12?
-36b
83 (base 11) to base 8
133
Convert -10013 (base 7) to base 12.
-148b
Convert 122101 (base 3) to base 2.
111010101
19853 (base 10) to base 5
1113403
-91 (base 12) to base 15
-74
What is -1111011001101 (base 2) in base 6?
-100301
-391 (base 10) to base 11
-326
-9bc (base 14) to base 11
-14a5
What is -34166 (base 9) in base 12?
-111b0
What is 11130231 (base 4) in base 15?
692c
-2020110200 (base 3) to base 13
-170ac
Convert -1218 (base 9) to base 13.
-54b
Convert -6a8 (base 16) to base 15.
-789
-43026 (base 7) to base 3
-112121120
111000100111010 (base 2) to base 14
a7c6
What is -23a8 (base 11) in base 14?
-1207
Convert 3754 (base 10) to base 11.
2903
What is -13236 (base 8) in base 11?
-4394
Convert 3 (base 11) to base 8.
3
What is 141313 (base 5) in base 9?
8001
-677d (base 15) to base 11
-15539
726 (base 12) to base 14
542
What is 514 (base 15) in base 4?
101320
Convert 39b (base 12) to base 8.
1047
Convert 20103 (base 4) to base 9.
650
-113066 (base 7) to base 15
-6025
Convert 1045 (base 11) to base 4.
111210
Convert 800 (base 12) to base 10.
1152
What is a2b (base 16) in base 5?
40403
1204 (base 6) to base 16
124
2755 (base 11) to base 12
2095
Convert -31611 (base 9) to base 6.
-240444
What is 1010101110 (base 2) in base 14?
370
Convert 3114 (base 6) to base 10.
694
What is -141 (base 13) in base 10?
-222
Convert bbb (base 14) to base 15.
a4b
4101 (base 6) to base 4
32011
What is 3a00 (base 14) in base 3?
111222111
What is 22222111 (base 3) in base 4?
1212103
What is -46a8 (base 16) in base 2?
-100011010101000
What is -2454 (base 9) in base 16?
-727
590b (base 15) to base 8
44737
-100000001110 (base 2) to base 10
-2062
Convert -132 (base 14) to base 2.
-11110000
-10010011110 (base 2) to base 8
-2236
565 (base 8) to base 10
373
-e3 (base 15) to base 13
-135
Convert 65501 (base 7) to base 12.
957b
Convert -3a2 (base 16) to base 9.
-1243
Convert 22120 (base 4) to base 11.
554
What is -2b16 (base 12) in base 7?
-20514
Convert -2d96 (base 14) to base 6.
-101452
What is 3800 (base 13) in base 2?
1111100000111
496 (base 14) to base 2
1110010100
What is 63322 (base 8) in base 15?
7bec
Convert -10645 (base 7) to base 5.
-41403
What is -12210 (base 9) in base 10?
-8190
What is 1004 (base 7) in base 13?
209
Convert -1524 (base 6) to base 16.
-19c
-21201 (base 3) to base 10
-208
What is 34326 (base 7) in base 12?
5086
What is 1201322 (base 4) in base 15?
1ccb
What is 25155 (base 7) in base 9?
10050
60c (base 16) to base 12
a90
5243 (base 7) to base 2
11100110100
Convert 155 (base 6) to base 3.
2122
What is 100124 (base 6) in base 14?
2bd2
What is -20130 (base 4) in base 13?
-327
Convert 131220 (base 5) to base 7.
21055
What is -41cd (base 15) in base 3?
-201002111
-100221210 (base 3) to base 7
-30105
What is -1102200010 (base 3) in base 16?
-6e1f
-100366 (base 7) to base 15
-5087
What is 154a3 (base 11) in base 9?
33025
What is 221 (base 3) in base 7?
34
4050 (base 6) to base 9
1203
Convert -1941 (base 13) to base 5.
-110041
Convert 11354 (base 6) to base 10.
1654
Convert -3001 (base 4) to base 13.
-11b
Convert -11313 (base 4) to base 3.
-111220
Convert 78 (base 13) to base 9.
120
What is -25827 (base 9) in base 7?
-101563
Convert 544 (base 12) to base 7.
2152
1160 (base 10) to base 4
102020
Convert -41144 (base 5) to base 8.
-5162
Convert -1607 (base 8) to base 14.
-487
Convert 6020 (base 8) to base 6.
22144
-12787 (base 10) to base 8
-30763
-3c54 (base 13) to base 11
-6589
Convert -35101 (base 8) to base 10.
-14913
Convert 4350 (base 6) to base 10.
1002
Convert 220422 (base 8) to base 9.
122454
-1514 (base 6) to base 10
-406
What is -7490 (base 12) in base 8?
-30754
9110 (base 10) to base 13
41ba
Convert -10632 (base 7) to base 9.
-3650
Convert -3a6 (base 16) to base 13.
-56b
2065 (base 13) to base 8
10575
What is -1416 (base 12) in base 16?
-912
Convert 10111111010001 (base 2) to base 12.
7101
Convert 1012102 (base 4) to base 13.
2080
24b (base 16) to base 15
292
-27753 (base 10) to base 2
-110110001101001
What is 877 (base 16) in base 12?
1307
-2287 (base 11) to base 2
-101110110111
-220111122 (base 3) to base 12
-a408
What is -675 (base 12) in base 9?
-1268
23a9 (base 11) to base 16
c48
Convert 416 (base 14) to base 3.
1002210
What is -11b (base 16) in base 10?
-283
Convert 2784 (base 13) to base 12.
3359
Convert 4cc (base 15) to base 10.
1092
Convert cc (base 13) to base 8.
250
What is 201414 (base 5) in base 14?
2512
Convert 11012 (base 4) to base 13.
1c1
3a4 (base 11) to base 6
2113
-56545 (base 8) to base 7
-126464
Convert -10100111001 (base 2) to base 9.
-1745
-1110012 (base 3) to base 4
-100202
Convert -3024410 (base 5) to base 16.
-be5a
Convert -ba2d (base 16) to base 10.
-47661
What is a3 (base 13) in base 8?
205
87a0 (base 11) to base 4
2311111
Convert -111012 (base 3) to base 7.
-1016
Convert -10001001111011011 (base 2) to base 9.
-116775
Convert 110011001001011 (base 2) to base 9.
38826
What is 833 (base 11) in base 2?
1111101100
Convert 11302 (base 4) to base 10.
370
Convert -164062 (base 7) to base 9.
-48674
-1912 (base 11) to base 16
-981
What is -2134401 (base 5) in base 2?
-1000111111110011
-c59 (base 13) to base 14
-aa2
298 (base 11) to base 7
1006
What is 16642 (base 7) in base 3?
20120011
11062 (base 9) to base 8
16262
21255 (base 9) to base 4
3123233
Convert 159a2 (base 11) to base 9.
33766
Convert -110200120 (base 3) to base 7.
-35652
Convert -8a32 (base 13) to base 12.
-b20b
Convert 2601 (base 9) to base 14.
9cd
What is 291 (base 10) in base 5?
2131
Convert -13055 (base 8) to base 2.
-1011000101101
103310 (base 5) to base 9
4817
What is e39 (base 16) in base 11?
2810
What is -205d4 (base 14) in base 5?
-4443443
Convert 76a9 (base 15) to base 13.
b595
What is -211 (base 10) in base 14?
-111
Convert -801 (base 9) to base 10.
-649
Convert 15534 (base 6) to base 16.
a12
1320 (base 4) to base 6
320
Convert 57320 (base 8) to base 13.
b081
100001022 (base 3) to base 12
3998
Convert -3262 (base 16) to base 6.
-135414
121 (base 5) to base 4
210
-35423 (base 7) to base 2
-10001110101011
Convert 1020 (base 6) to base 14.
124
Convert 523012 (base 6) to base 5.
2322003
What is acc (base 16) in base 5?
42024
What is -35231 (base 6) in base 10?
-5059
51774 (base 8) to base 16
53fc
-14020 (base 5) to base 6
-5131
Convert -1612 (base 8) to base 7.
-2433
-1001213 (base 4) to base 10
-4199
Convert 106 (base 9) to base 6.
223
What is 27953 (base 10) in base 3?
1102100022
Convert 11313201 (base 4) to base 16.
5de1
Convert -3311 (base 4) to base 3.
-100002
What is 21120103 (base 4) in base 12?
1a297
Convert 2003 (base 6) to base 10.
435
Convert 1221244 (base 5) to base 4.
11230130
What is -131333 (base 4) in base 13?
-b48
1247 (base 16) to base 3
20102022
What is 12491 (base 12) in base 3?
1021010101
-129d (base 14) to base 6
-23055
What is -1132 (base 10) in base 13?
-691
What is 1714 (base 9) in base 10?
1309
What is 277a (base 14) in base 4?
1230320
What is 1144001 (base 5) in base 8?
52367
-647 (base 9) to base 13
-319
Convert -2200112 (base 3) to base 8.
-3646
What is 1021112 (base 3) in base 10?
932
-1223330 (base 4) to base 8
-15374
21748 (base 12) to base 14
121ba
1010430 (base 5) to base 8
37755
What is -16715 (base 11) in base 6?
-300430
What is 1204 (base 7) in base 12?
311
